rue
Is 14 a factor of 371574?
True
Does 28 divide 320628?
True
Is 168547 a multiple of 13?
False
Does 80 divide 297599?
False
Is 30 a factor of 274063?
False
Does 17 divide 592756?
True
Does 5 divide 124540?
True
Is 100 a factor of 5433700?
True
Is 25 a factor of 5900?
True
Is 24 a factor of 2556330?
False
Does 12 divide 1051341?
False
Is 88241 a multiple of 6?
False
Does 63 divide 97815?
False
Does 17 divide 9386?
False
Is 197 a factor of 1194512?
False
Is 13 a factor of 2977?
True
Does 29 divide 2815236?
False
Is 180991 a multiple of 2?
False
Is 176142 a multiple of 7?
False
Does 54 divide 77382?
True
Is 6 a factor of 482508?
True
Is 1039780 a multiple of 95?
False
Does 32 divide 594711?
False
Does 54 divide 84134?
False
Is 834830 a multiple of 31?
True
Is 21 a factor of 481669?
False
Is 1352826 a multiple of 34?
True
Does 45 divide 291931?
False
Does 89 divide 330755?
False
Does 6 divide 480730?
False
Is 1207962 a multiple of 876?
False
Is 141787 a multiple of 531?
False
Is 2738894 a multiple of 183?
False
Does 2 divide 524601?
False
Is 91 a factor of 14172639?
False
Is 706 a factor of 8109116?
True
Is 5 a factor of 74010?
True
Is 16 a factor of 146704?
True
Does 161 divide 13622532?
True
Is 168118 a multiple of 42?
False
Is 487872 a multiple of 168?
True
Is 471024 a multiple of 8?
True
Does 348 divide 222769?
False
Is 50 a factor of 163762?
False
Is 11 a factor of 397034?
True
Is 34 a factor of 207565?
False
Is 434822 a multiple of 228?
False
Is 12 a factor of 8428327?
False
Is 19 a factor of 1103311?
True
Is 2282 a factor of 34264326?
False
Is 1892525 a multiple of 17?
True
Does 7 divide 74706?
False
Is 7994682 a multiple of 21?
False
Is 62 a factor of 3492072?
False
Is 932237 a multiple of 107?
False
Is 5042200 a multiple of 20?
True
Is 7 a factor of 1675832?
False
Does 19 divide 361741?
True
Does 134 divide 4411548?
True
Does 26 divide 130517?
False
Does 12 divide 944304?
True
Is 196 a factor of 1990655?
False
Is 5 a factor of 6698825?
True
Is 989885 a multiple of 157?
True
Is 56 a factor of 1253056?
True
Does 37 divide 110519?
True
Does 15 divide 28095?
True
Does 298 divide 719040?
False
Is 165681 a multiple of 32?
False
Is 699 a factor of 1925805?
False
Is 218904 a multiple of 14?
True
Does 48 divide 656596?
False
Is 331331 a multiple of 11?
True
Is 2646 a multiple of 7?
True
Is 3 a factor of 490092?
True
Is 435 a factor of 222720?
True
Does 135 divide 271620?
True
Is 23 a factor of 2897100?
False
Does 100 divide 232774?
False
Does 52 divide 191344?
False
Is 2912960 a multiple of 38?
False
Is 16 a factor of 1084938?
False
Does 228 divide 229368?
True
Does 22 divide 108036?
False
Is 126217 a multiple of 9?
False
Is 39916 a multiple of 13?
False
Is 5 a factor of 217363?
False
Does 1092 divide 13140996?
False
Does 5 divide 702072?
False
Is 29 a factor of 31510936?
True
Is 7876061 a multiple of 923?
False
Is 10305011 a multiple of 5?
False
Is 2 a factor of 278442?
True
Is 268268 a multiple of 28?
True
Does 50 divide 1892260?
False
Is 31 a factor of 9506?
False
Is 249057 a multiple of 370?
False
Is 13482 a multiple of 63?
True
Is 69 a factor of 11366439?
True
Is 49 a factor of 4886035?
True
Is 4 a factor of 2368108?
True
Is 7025765 a multiple of 288?
False
Does 51 divide 155805?
True
Is 1327566 a multiple of 6?
True
Is 100160 a multiple of 159?
False
Is 564 a factor of 22356960?
True
Is 1068728 a multiple of 11?
False
Does 78 divide 445438?
False
Is 22 a factor of 352023?
False
Is 4 a factor of 715521?
False
Is 425 a factor of 194969?
False
Is 26 a factor of 503346?
False
Does 62 divide 174924?
False
Does 7 divide 301343?
True
Is 616758 a multiple of 11?
False
Is 23336 a multiple of 33?
False
Is 32 a factor of 2398172?
False
Is 345078 a multiple of 7?
False
Is 146 a factor of 1936136?
False
Is 186080 a multiple of 137?
False
Is 115101 a multiple of 108?
False
Is 54 a factor of 35910?
True
Does 34 divide 29104?
True
Is 40 a factor of 206779?
False
Does 35 divide 144882?
False
Is 2134251 a multiple of 171?
True
Is 3661996 a multiple of 16?
False
Does 42 divide 249214?
False
Does 854 divide 856562?
True
Is 71 a factor of 220171?
True
Is 21 a factor of 63250?
False
Is 2180970 a multiple of 554?
False
Is 139990 a multiple of 10?
True
Does 139 divide 94937?
True
Is 31691 a multiple of 11?
True
Is 301 a factor of 166261?
False
Does 166 divide 653039?
False
Is 15390971 a multiple of 353?
False
Does 11 divide 748352?
True
Is 332 a factor of 753972?
True
Does 4 divide 480224?
True
Is 95690 a multiple of 16?
False
Is 101 a factor of 91001?
True
Is 29 a factor of 95912?
False
Does 19 divide 4080801?
True
Is 16 a factor of 96?
True
Is 997 a factor of 1281145?
True
Is 2798267 a multiple of 769?
False
Is 2259146 a multiple of 493?
False
Is 6323746 a multiple of 13?
True
Does 31 divide 269855?
True
Is 2046399 a multiple of 7?
False
Does 65 divide 639925?
True
Does 298 divide 513063?
False
Is 1081400 a multiple of 20?
True
Is 812574 a multiple of 14?
True
Is 1876608 a multiple of 63?
False
Is 4 a factor of 4940?
True
Is 16 a factor of 1435632?
True
Is 4456403 a multiple of 540?
False
Does 630 divide 7315547?
False
Is 1196735 a multiple of 7?
False
Is 31619592 a multiple of 1343?
True
Does 26 divide 29784?
False
Does 83 divide 1834365?
False
Is 1145 a factor of 6211625?
True
Is 203 a factor of 3706171?
True
Is 653344 a multiple of 272?
True
Is 231302 a multiple of 24?
False
Is 75 a factor of 3784350?
True
Is 354115 a multiple of 3?
False
Is 142370 a multiple of 10?
True
Is 82913 a multiple of 25?
False
Does 163 divide 564958?
True
Is 55958 a multiple of 7?
True
Is 13128 a multiple of 2?
True
Is 141 a multiple of 2?
False
Is 49 a factor of 1109948?
True
Does 27 divide 108814?
False
Is 6 a factor of 134640?
True
Does 2 divide 75283?
False
Does 3 divide 30775?
False
Is 367822 a multiple of 86?
True
Is 625960 a multiple of 8?
True
Does 23 divide 182123?
False
Is 1334507 a multiple of 449?
False
Is 2514 a multiple of 6?
True
Does 27 divide 1927?
False
Does 92 divide 610833?
False
Is 16 a factor of 144996?
False
Is 27 a factor of 4591782?
True
Does 25 divide 1651675?
True
Is 236504 a multiple of 136?
True
Is 3627877 a multiple of 11?
True
Does 12 divide 10184582?
False
Is 4963286 a multiple of 490?
False
Is 1055451 a multiple of 17?
False
Does 4 divide 2906708?
True
Is 23596 a multiple of 130?
False
Does 13 divide 4884868?
False
Is 2208326 a multiple of 25?
False
Is 5 a factor of 238912?
False
Is 22 a factor of 14945392?
True
Is 127 a factor of 1004746?
False
Does 38 divide 18810?
True
Is 32 a factor of 316384?
True
Does 82 divide 2646594?
False
Is 46 a factor of 4850544?
False
Is 266800 a multiple of 10?
True
Is 427 a factor of 47386?
False
Does 132 divide 76032?
True
Is 1265340 a multiple of 12?
True
Is 20 a factor of 621174?
False
Is 5311270 a multiple of 16?
False
Is 2913104 a multiple of 455?
False
Does 11 divide 17177716?
False
Does 270 divide 7747746?
False
Does 53 divide 3604?
True
Is 7 a factor of 4859330?
True
Does 42 divide 1744386?
True
Is 109 a factor of 2784689?
False
Is 16 a factor of 57808?
True
Is 14 a factor of 17530?
False
Is 209 a factor of 523963?
True
Does 2 divide 96223?
False
Is 66058 a multiple of 21?
False
Does 41 divide 573459?
False
Is 190 a factor of 9464401?
False
Is 15250074 a multiple of 1766?
False
Does 3 divide 33010?
False
Is 20 a factor of 191396?
False
Does 165 divide 318945?
True
Does 16 divide 110711?
False
Is 3000879 a multiple of 171?
True
Is 1332644 a multiple of 73?
False
Is 9 a factor of 2139?
False
Is 849 a factor of 1478417?
False
Is 2 a factor of 2744?
True
Is 6773034 a multiple of 17?
False
Is 122868 a multiple of 33?
False
Is 30155 a multiple of 13?
False
Is 70336 a multiple of 323?
False
Does 145 divide 4875422?
False
Is 62127 a multiple of 13?
True
Is 116892 a multiple of 331?
False
Does 18 divide 257803?
False
Is 22 a factor of 194282?
True
Is 441 a factor of 279415?
False
Does 13 divide 4991038?
True
Is 476256 a multiple of 88?
True
Is 89768 a multiple of 14?
True
Does 28 divide 742980?
True
Does 3 divide 2706?
True
Is 49 a factor of 1219850?
False
Is 205717 a multiple of 17?
True
Is 41 a factor of 315303?
False
Is 109 a factor of 908673?
False
Is 16 a factor of 18003?
False
Is 34 a factor of 87559?
False
